
2
Let p(l) = -2*l**2 + 412*l + 2. Let n(g) = -2*g**2 + 274*g + 1. Let y(k) = 3*n(k) - 2*p(k). Suppose 8 + 12 = -5*o. Determine y(o).
-25
Let m(v) = v + 4. Suppose 11 + 4 = 4*r - o, -r + 15 = -4*o. Suppose -r*y = -5*d + 43, -2*y - 2*d + 7*d - 37 = 0. Calculate m(y).
-2
Let q(z) = -z**3 - 14*z**2 - 14*z - 9. Let y be q(-13). Let v = y + 1. Suppose 0*u - 7 = -5*p + 2*u, 4 = v*p + u. Let r(o) = -8*o**3 + o**2 - 1. Determine r(p).
-8
Let t be 3 - 2 - -2 - (-21)/((-483)/(-46)). Let s(k) = -2*k**3 + 4*k**2 + 2*k + 1. Determine s(t).
-139
Let w(r) = r**2 - 6*r + 1. Let b = -60 - -64. Suppose 0 = -2*z + 5*x - 126, 4*z + 332 = -z + b*x. Let v = z + 72. Calculate w(v).
-7
Let g(y) be the first derivative of -y**3/3 + 3*y**2/2 + y + 616. Calculate g(-6).
-53
Let a(f) = -f**3 - 7*f**2 + 9*f + 8. Let z(d) = -9*d - 227. Let h be z(0). Let m = -235 - h. Calculate a(m).
0
Let h(s) be the second derivative of s**7/2520 - s**6/120 - 7*s**5/120 - 53*s**4/6 + 2*s - 1. Let m(k) be the third derivative of h(k). Give m(6).
-7
Let o = 3142 - 3140. Let l(s) = -s**2 + 5*s. Determine l(o).
6
Let x(w) = 898 + 877 - 1741 - 3*w. Give x(10).
4
Let c(a) be the first derivative of a**3/3 + 4*a**2 - a + 33. Let p be 320/(-48) - 1/12*4. Give c(p).
-8
Let a(i) = -1. Let s(p) = -3*p**2 + 5. Let c(g) = 6*a(g) + s(g). Let q be ((-4)/38 - 51/57) + -1. Let b be (-3)/1 - (-2 + q). What is c(b)?
-4
Let a(u) = u**3 + 6*u**2 + 5*u. Suppose 0 = 4*l + 521 - 541. Suppose 8*f + 4*s = l*f - 35, 2*s = -3*f - 25. Calculate a(f).
0
Let l(g) = -24 - 12*g - 33 + 0*g + 6*g + 6. What is l(-9)?
3
Suppose -91*y - 16*y - 888 = 41*y. Let f(l) = -2*l**3 - 11*l**2 + 5*l - 5. Calculate f(y).
1
Let r(v) = 2*v**3 - 14*v**2 + 125*v - 892. Let w be r(7). Let a(x) = -x**2 - 29*x - 210. What is a(w)?
-6
Let d(o) be the second derivative of -o**4/4 + 10*o**3/3 - 3*o**2 - 563*o - 3. Calculate d(6).
6
Let g(u) = 2*u - 4. Let j(z) = -z + 4. Let m be (-1)/3*(-27)/(-9). Let v(i) = m*g(i) - 4*j(i). Calculate v(8).
4
Let f = 10 - 8. Let h(t) = -318*t**3 - 3 + 0 + 161*t**3 + 1 - 4*t**2 + 4*t + 158*t**3. What is h(f)?
-2
Let i(v) = 289*v**2 - 60*v + 159. Let u(d) = -105*d**2 + 20*d - 53. Let h(o) = 4*i(o) + 11*u(o). Give h(18).
17
Let y = 97 + -89. Let a(b) be the third derivative of b**5/30 - b**4/2 + b**3/3 + b**2 - 45*b. Give a(y).
34
Let m(o) = -2*o**2 - 21*o - 46. Suppose 4*c = 5*t - 1, 44 = -5*c + 24. Determine m(t).
-1
Let j(i) = -i**3 - 3*i**2 - 5*i - 6. Let o(k) = -22*k + 128. Let h(z) = -10*z + 186. Let g be h(18). Let n be o(g). Give j(n).
30
Let k(c) = -8*c**2 + 345*c + 345. Let g be k(-1). Let x(m) = m**3 + 9*m**2 + 11*m + 11. Give x(g).
-13
Suppose 0 - 4 = 3*m + 2*k, -m - 3 = k. Let g(o) = -84*o**3 - 1 - 6*o**m + 11*o + 83*o**3 + 3 - 4*o. What is g(-7)?
2
Let v(k) = 2*k**2 - 2*k + 4. Let q(n) = -45 - 39*n - 34*n + 67*n - 126. Let x be q(-29). What is v(x)?
16
Let y(s) = 3*s**2 - 69*s - 9. Let l(o) = -2*o**2 + 40*o + 5. Let r(f) = -7*l(f) - 4*y(f). Calculate r(5).
31
Let f(t) = 3*t**2 - 6*t**2 + 52099937*t - 52099931*t + 47. Give f(6).
-25
Let v = 34 + -40. Let l be 2/(-4) + (0 - 15/v). Suppose -l*h = -h. Let y(b) = -b**2 + b. Determine y(h).
0
Suppose -j + 5 = z, 0*z + 11 = 2*j + z. Let w(b) = -28*b + 6 + 2 + 27*b - 1. Give w(j).
1
Let i(j) = 24 + 732*j**2 - 1508*j**2 + 725*j**2 - 2*j + 2*j**3 - 5*j - 20*j. Give i(26).
-2
Let f = -12810 + 12834. Let l(j) = -j**2 + 27*j - 88. Calculate l(f).
-16
Let p(l) = l**2 - 5*l + 12. Let q(g) = 2*g**2 - 10*g + 25. Let a(r) = 13*p(r) - 6*q(r). Suppose -7*u = 43 - 78. What is a(u)?
6
Let f(o) = -664*o**2 + 329*o**2 + 336*o**2 - 6*o + 3. What is f(4)?
-5
Suppose 24*u = 23*u + 2*k - 3, -k = -2*u. Suppose -5*l + 0*d + 30 = -2*d, -55 = -5*l - 3*d. Let q(b) = -1 - 20*b**3 - l*b + 8*b. Determine q(u).
-21
Let a(l) = -6*l**3 + l**2 + l. Let j = -50 + 70. Let h be 6/((-5)/j*3). Let k(w) = w**3 + 8*w**2 - 1. Let u be k(h). Calculate a(u).
6
Let k = 37 - 44. Let t(v) = -8*v + 56*v**2 - 57*v**2 + 1 - 9. Let i be t(k). Let m(d) = -4*d. Determine m(i).
4
Suppose 945 = 225*c - 220*c. Let o(u) = -c*u - 2*u**2 - 172*u - 5 + 347*u + 4. Give o(-7).
-1
Let n(j) be the third derivative of -j**6/120 - j**5/60 + j**4/12 - j**3/2 + 439*j**2. Suppose -5 + 8 = -s. Give n(s).
9
Let g(y) = 57*y + 1164. Let h be g(-21). Let b(a) = a**2 + 31*a - 30. Calculate b(h).
36
Let c(i) = i**2 + 14 - 8 - 3*i - 7 - 26. What is c(-4)?
1
Let l = 289 - 286. Let n(b) = 3*b + 2. Let r(g) = 23*g + 4. Let w(h) = -5*n(h) + r(h). What is w(l)?
18
Let a(j) = 360 - 204 + j - 137. What is a(-10)?
9
Let m(b) = -5*b - 15 + 0*b - 341327*b**2 + 341329*b**2 - 3*b. Calculate m(-5).
75
Let i(g) = 0*g + 3 + 2*g + g - 4*g. Suppose 5*w = 3*s - 29, -7*s = -12*s - 3*w + 3. Suppose 0*y - 6 = y - s*d, 3*y = 4*d - 13. What is i(y)?
6
Let g(n) = -n + 26. Let i be g(18). Let o(j) = -11 + 10*j + 17*j + 6 - 26*j. Give o(i).
3
Let u(l) = 3*l**3 - 10*l**2 + 7*l + 3. Let q be (21/(-2) - -3)*(-6)/15. Give u(q).
15
Let d(p) = 4508*p + 1 - 2259*p - 2255*p. Let k = 18 - 18. Suppose -3*q + 1 + 2 = k. What is d(q)?
-5
Let g = 77 - 85. Let r be (g/6 + 4)*3. Suppose 33 = -r*b - 7. Let x(l) = l**3 + 6*l**2 + 7*l + 5. Determine x(b).
-5
Let x = 82 - 106. Let j be (x/10)/4 + 26/10. Let s(a) = a**2 + a + a**j + 14*a**3 - 6*a**3 - 5*a**3. What is s(-1)?
-2
Let i(c) be the second derivative of -c**3/6 - 3*c**2 - c. Let r(y) = -8*y - 176 + 276 - 2*y. Let o be r(10). Calculate i(o).
-6
Let s(r) = r**3 + 10*r**2 + 14*r - 6. Let v = -1427 + 1419. Give s(v).
10
Let o(g) = -1661*g + 3335*g - 1681*g - 71. Give o(-9).
-8
Let k(p) = -p**2 + 6*p + 4. Let l(s) = 8*s + 9. Let h be l(-6). Suppose 0 = -3357*z + 3356*z + 43. Let c = h + z. Give k(c).
12
Let m(r) = 30 - 159 - 7*r - 129*r + 93*r. Calculate m(-3).
0
Let y(w) = 3*w - 1559*w**3 + 3*w**2 + 781*w**3 + 8*w**2 + 777*w**3 - 2 - 12*w. Let b = 26 + -16. Calculate y(b).
8
Let w(b) = -30*b + 14 + 58*b - 3 - 26*b. Suppose 0 = -4*v + y - 35, -5*y + 6 = -9. Determine w(v).
-5
Let o(t) be the first derivative of 3*t**2 - 34*t - 3356. Calculate o(3).
-16
Let u(v) = -v**2 - 3*v + 16. Let r(n) = -3*n**2 - 3*n + 29. Let t(m) = 2*r(m) - 5*u(m). Determine t(4).
-2
Let y(m) = -m + 20. Let g(p) = -52*p + 480. Let w be g(9). Determine y(w).
8
Let q(w) be the first derivative of 1/360*w**6 + 10 + 4*w**3 + 0*w**2 - 5/8*w**4 + 3/40*w**5 + 0*w. Let l(k) be the third derivative of q(k). Calculate l(-11).
7
Let n(b) = 36*b - 133. Let v(x) = -21*x + 69. Let h(z) = -5*n(z) - 9*v(z). Give h(-6).
-10
Let w be 9/(1/(-19) + 380/361). Let f(a) = -11*a + 103. Give f(w).
4
Let w(m) = -m**2 - m. Suppose -3867 = -23*z + 1193. Let x = 223 - z. Determine w(x).
-12
Let i(v) = -2*v - 7. Suppose 4*l - 19 = -5*t + 56, -2*l - 67 = -3*t. Suppose -37 + t = 3*n. What is i(n)?
5
Let x = 13733 + -13733. Let r(t) = -28*t + 3. Calculate r(x).
3
Let r(a) = 28 - a**3 + 35 - 70 + 46*a**2 - 17*a - 35*a**2. Give r(10).
-77
Let j = -377 - -403. Let c(s) = 2*s - j - 34 + 42 - s. Give c(13).
-5
Let c(n) be the second derivative of 1/6*n**4 + 1/20*n**5 - n**2 - 43*n - 2/3*n**3 + 0. Determine c(-3).
1
Let b(p) = 3*p - 2. Let l be 29 - ((-22)/12 - (-6)/(-36)). Suppose 5*v + 5*z = -10, 3*v = v + 5*z + l. Calculate b(v).
7
Let c = -10149 - -10141. Let q(f) = f**3 + 7*f**2 - 8*f + 3. What is q(c)?
3
Let y(l) = l**3 - 4*l**2 - l + 5. Let o(p) = 79 + 4*p + 9*p + 2*p + 4*p + 0*p. Let x be o(-4). What is y(x)?
-7
Let m(p) = -113*p + 28. Let b(x) = 254*x - 58. Let y(n) = 4*b(n) + 9*m(n). Determine y(-5).
25
Let u(z) = 4*z + 6. Let t(q) = -17*q - 24. Let h(j) = -2*t(j) - 9*u(j). Let s = 3725 + -3731. Give h(s).
6
Let z be ((-34)/(-68))/((2/(-80))/(-1)). Suppose 6*n = -z + 32. Let h(l) = 3*l - 6. Let p(g) = -2*g + 5. Let r(b) = -4*h(b) - 5*p(b). Determine r(n).
-5
Let t(o) = -6*o. Suppose -782 - 1402 = 12*n. Let x = 184 + n. What is t(x)?
-12
Suppose -8 - 8 = -8*s. Let j be ((-4 - 0) + 8)*1/s. Let y(k) = 8*k + 2*k**2 + j*k + 3 - 4*k. Determine y(-4).
11
Let p(c) be the third derivative of 73*c**4/12 - 514*c**3/3 + 999*c**2. Give p(7).
-6
Let c(s) = -15*s. Let u(v) = v**3 - 5*v**2 + v - 4. Suppose -2*p - 3*n = -16, -5*p + 36 - 10 = 4*n. Let g be (-10)/((0 + -4)/p). Let k be u(g). Calculate c(k).
-15
Suppose 70 - 42 = 5*f + 33. Let q(h) = -62*h**2 + 3*h + 3. Determine q(f).
-62
Su